 = -2*t**2 + t + 95. Calculate r(10).
-95
Let j(d) = 1259*d - 1268. Give j(1).
-9
Let q(a) = 58*a + 2620. Calculate q(-45).
10
Let s(c) = 12*c**2 + 212*c - 79. What is s(-18)?
-7
Let a(t) = -21*t - 133. What is a(-7)?
14
Let v(k) = 2*k**2 + 44*k - 24. Give v(-25).
126
Let w(v) = -v**3 + 22*v**2 + 161*v + 115. Give w(-5).
-15
Let r(m) = -124*m + 540. Calculate r(5).
-80
Let l(s) = s**3 + 11*s**2 + 22*s - 4. Determine l(-4).
20
Let u(k) = k**3 - 10*k - 304. Determine u(0).
-304
Let w(x) = -x**2 + 355*x - 15503. Calculate w(51).
1
Let q(g) = -g**2 + 168*g - 3100. Calculate q(20).
-140
Let r(v) = 2*v**3 + 48*v**2 - 5*v + 116. What is r(-24)?
236
Let c(j) = j**3 + 14*j**2 + 41*j + 63. Give c(-11).
-25
Let q(z) = 12707*z - 216012. Determine q(17).
7
Let u(l) = -17*l**3 - 8*l**2 + l - 14. What is u(-3)?
370
Let b(z) = -215*z - 26874. Determine b(-125).
1
Let b(f) = -f**3 + 20*f**2 - 41*f - 179. Determine b(17).
-9
Let i(l) = -2*l**3 - 28*l**2 + l + 19. Determine i(-14).
5
Let g(n) = -n**3 - 15*n**2 - 69*n - 230. Give g(-11).
45
Let b(v) = 2*v**3 - 24*v**2 + 25*v - 21. Give b(11).
12
Let z(q) = 254*q + 128. Determine z(-1).
-126
Let r(q) = q**3 + 40*q**2 + 34*q - 182. What is r(-39)?
13
Let v(g) = -26*g + 678. Calculate v(27).
-24
Let u(h) = -h**3 + 13*h**2 - 32*h + 20. Calculate u(9).
56
Let n(v) = -9*v**2 - 129*v - 130. Calculate n(-1).
-10
Let z(q) = 59*q - 25. Give z(-7).
-438
Let n(j) = 20*j + 314. What is n(-14)?
34
Let t(h) = -1625*h + 17842. Calculate t(11).
-33
Let q(k) = -33*k + 516. Calculate q(15).
21
Let a(t) = -2*t**3 + 20*t**2 - 6*t - 113. Give a(9).
-5
Let t(k) = -10*k**2 - 29*k + 4. Give t(-3).
1
Let c(f) = -389*f - 6607. What is c(-17)?
6
Let v(n) = 39*n**2 - 230*n - 46. Calculate v(7).
255
Let d(z) = -z**3 - 22*z**2 + 89*z + 322. Calculate d(-25).
-28
Let b(i) = i**3 + 28*i**2 - 62*i - 71. Determine b(-30).
-11
Let b(j) = -j**3 + 153*j**2 - 1291*j - 715. Give b(144).
5
Let l(u) = u**3 + 47*u**2 + 350*u - 31. Calculate l(-9).
-103
Let t(u) = -43*u**2 - 22*u + 15. Determine t(2).
-201
Let s(a) = -20*a + 6. Give s(6).
-114
Let u(o) = 6*o**2 - 13*o + 53. Calculate u(4).
97
Let j(q) = -2*q**3 + 32*q**2 + 27*q + 121. Calculate j(17).
2
Let b(g) = -5*g**2 + 18*g - 33. What is b(3)?
-24
Let c(u) = 655*u + 46564. Calculate c(-71).
59
Let h(q) = -3*q**2 - 257*q + 198. Give h(-86).
112
Let w(h) = -h**2 - 38*h + 48. Calculate w(-38).
48
Let q(s) = 97*s + 4269. Determine q(-44).
1
Let o(r) = -r**3 - 26*r**2 - 4*r - 110. Calculate o(-26).
-6
Let y(a) = -68*a + 3. Give y(1).
-65
Let c(l) = -2831*l + 39575. Determine c(14).
-59
Let j(t) = 6*t**3 - 203*t**2 - 55*t + 706. Give j(34).
-8
Let c(z) = z**3 - z**2 - 51*z - 39. Determine c(8).
1
Let c(q) = q**2 - 111*q + 914. Give c(9).
-4
Let a(g) = -155*g - 7226. Calculate a(-47).
59
Let f(x) = -x**3 + 7*x**2 - 41*x + 210. What is f(6)?
0
Let y(i) = 4*i**3 + 13*i - 3. What is y(3)?
144
Let x(t) = 2*t**2 - 12*t - 2595. Determine x(40).
125
Let z(n) = n**2 + 55*n + 742. Give z(-29).
-12
Let x(i) = i**2 + 399*i - 31222. Give x(67).
0
Let j(u) = -29*u**2 + 72*u + 46. Calculate j(6).
-566
Let r(q) = q**2 + 9*q - 312. What is r(-28)?
220
Let l(z) = z**3 + 25*z**2 + 40*z - 75. Determine l(-23).
63
Let m(i) = -i - 18. Determine m(-12).
-6
Let q(f) = 4*f**2 - 43*f + 17. Determine q(7).
-88
Let f(n) = -10*n**3 + 272*n**2 - 56*n + 32. Determine f(27).
-22
Let f(g) = 18*g - 94. Determine f(7).
32
Let q(v) = -v**3 + 2*v**2 - 14*v + 236. What is q(6)?
8
Let v(f) = 170*f - 11318. What is v(66)?
-98
Let a(t) = -3*t**3 + 60*t**2 - 300*t + 8. Calculate a(10).
8
Let b(g) = -2*g**2 - 30*g + 815. Calculate b(14).
3
Let v(a) = -8*a**2 - 89*a + 812. Determine v(-17).
13
Let a(x) = 185*x - 7208. Calculate a(39).
7
Let r(a) = 434*a + 78997. Calculate r(-182).
9
Let b(t) = t**2 + 20*t - 22. Calculate b(10).
278
Let l(f) = 17*f**2 - 467*f + 645. Determine l(26).
-5
Let d(f) = 259*f + 2. Give d(-1).
-257
Let c(i) = 215*i + 1141. Give c(-6).
-149
Let r(q) = -68*q + 1376. What is r(20)?
16
Let p(y) = y**3 - 10*y**2 - 762*y - 62. Determine p(-23).
7
Let t(n) = n**3 + 3*n**2 + 29*n + 6. Calculate t(0).
6
Let k(x) = 610*x - 1210. What is k(2)?
10
Let v(h) = 161*h + 1607. Calculate v(-10).
-3
Let v(w) = 160*w - 114. Determine v(-3).
-594
Let c(a) = 2*a**3 + 10*a**2 - 15*a + 7. What is c(-6)?
25
Let h(q) = 2*q**3 - 14*q**2 + 23*q - 3. Give h(3).
-6
Let a(p) = -58*p**2 + 347*p + 5. What is a(6)?
-1
Let h(f) = f**3 - 108*f**2 + 2516*f. Give h(74).
0
Let i(q) = -4*q**3 + 9*q**2 + 25*q - 23. Calculate i(-3).
91
Let c(i) = -81*i**2 + 1126*i + 1124. Determine c(-1).
-83
Let a(f) = -48*f - 5. What is a(4)?
-197
Let w(y) = -5*y**3 - 188*y**2 + 95*y + 635. What is w(-38)?
-87
Let q(t) = -1302*t - 20835. Determine q(-16).
-3
Let w(k) = 3*k**2 + k + 17. What is w(4)?
69
Let o(x) = x**3 + 45*x**2 + 46*x - 184. Give o(-44).
-272
Let t(h) = 312*h**2 - 635*h. What is t(2)?
-22
Let l(c) = c**3 + 15*c**2 + 31*c + 67. Calculate l(-13).
2
Let l(x) = x**3 + 6*x**2 - 40*x - 115. Give l(-9).
2
Let t(j) = j**2 + 56*j + 159. Give t(-55).
104
Let f(t) = -89*t**3 + t**2 + t - 1. Give f(-1).
88
Let s(r) = -4*r**2 + 38*r - 12. What is s(9)?
6
Let x(i) = -i**3 + 18*i**2 - 24*i + 116. Give x(7).
487
Let t(i) = 3*i**3 - 96*i**2 + 17*i - 163. Determine t(32).
381
Let a(s) = -3*s**2 + 16*s - 101. Calculate a(4).
-85
Let u(i) = -i**3 - 3*i**2 - 6*i - 203. Give u(-6).
-59
Let m(x) = 362*x - 5859. Give m(16).
-67
Let j(y) = 254*y - 1396. What is j(6)?
128
Let w(f) = -37*f - 731. Calculate w(-20).
9
Let x(g) = -11*g**2 - 22*g + 41. What is x(-5)?
-124
Let t(v) = 4*v**3 - 18*v**2 + 6*v - 1. Give t(5).
79
Let p(r) = -r**2 - 126*r + 386. Determine p(3).
-1
Let x(l) = -3*l**2 + 19*l + 115. Give x(10).
5
Let h(z) = z**3 + 19*z**2 - 46*z - 51. Determine h(-21).
33
Let r(w) = -74*w**2 + 3*w - 29. Determine r(0).
-29
Let x(a) = 2*a**3 + 382*a**2 - 386*a - 385. What is x(-192)?
-1
Let s(g) = 82*g**2 - 901*g - 15. What is s(11)?
-4
Let i(c) = -412*c + 1935. Give i(5).
-125
Let p(n) = -3*n**3 + 71*n**2 - 49*n + 65. Determine p(23).
-4
Let z(v) = v**2 + 18*v + 939. Determine z(0).
939
Let d(q) = 3*q**2 - 15*q + 37. Give d(5).
37
Let s(d) = -57*d - 26. Determine s(-6).
316
Let k(h) = -13*h - 613. Determine k(-37).
-132
Let l(x) = 92*x + 1371. Calculate l(-15).
-9
Let u(c) = -4*c - 176. Calculate u(34).
-312
Let k(p) = -3*p**3 - 45*p**2 - 183*p - 1377. Calculate k(-13).
-12
Let u(r) = -499*r - 1490. Determine u(-3).
7
Let r(a) = -a**3 + 74*a**2 - 149*a + 358. Give r(72).
-2
Let h(p) = -16*p + 331. Give h(20).
11
Let w(n) = -n**3 - 16*n**2 - 60*n - 168. What is w(-11)?
-113
Let p(j) = 35*j**2 + 2869*j - 82. Determine p(-82).
0
Let g(z) = 19*z + 359. Calculate g(-16).
55
Let i(b) = -b**2 + 52*b + 8. Calculate i(52).
8
Let h(r) = -22*r + 60. Calculate h(10).
-160
Let d(g) = 71*g + 19093. What is d(-269)?
-6
Let d(m) = -13*m - 523. Calculate d(-45).
62
Let i(z) = -4818*z + 9633. Determine i(2).
-3
Let k(l) = 26*l + 393. Determine k(-15).
3
Let t(s) = -128*s + 1130. Calculate t(12).
-406
Let o(b) = 9*b - 118. What is o(-5)?
-163
Let c(a) = 44*a - 161. What is c(12)?
367
Let u(f) = 31*f - 1074. Calculate u(35).
11
Let p(o) = -o**3 + 52*o**2 + 288*o - 135. What is p(57)?
36
Let h(a) = -39*a**3 + 2*a**2 + 34*a - 35. What is h(1)?
-38
Let i(p) = -p**3 - 18*p**2 + 18*p + 168. Calculate i(-19).
187
Let i(a) = 4*a**3 + 2*a**2 + 2*a + 20. What is i(0)?
20
Let q(t) = 660*t + 18490. Give q(-28).
10
Let f(d) = d**3 + 11*d**2 - d - 32. What is f(-11)?
-21
Let z(q) = -q**3 + 160*q**2 - 486*q + 2355. Give z(157).
0
Let h(t) = 23*t + 893. Determine h(-34).
111
Let c(i) = -528*i + 48590. Calculate c(92).
14
Let d(r) = 184*r - 206. Calculate d(1).
-22
Let h(n) = 2*n**3 + 94*n**2 - 94*n + 88. Calculate h(-48).
-8
Let i(n) = 485*n - 2250. Calculate i(5).
175
Let p(i) = 64*i + 873. Give p(-14).
-23
Let q(c) = 6*c**2 + 270*c - 1. Calculate q(-45).
-1
Let s(g) = g**2 - 30*g + 211. Determine s(13).
-10
Let m(f) = f**3 + 10*f**2 + 26*f - 11. Determine m(-4).
-19
Let t(g) = 1487*g + 5955. Determine t(-4).
7
Let a(q) = -q**3 + 7*q**2 - 23. Determine a(4).
25
Let o(b) = -68*b + 182. What is o(1)?
114
Let f(y) = 2*y**2 + 100*y + 156. Determine f(-48).
-36
Let y(t) = 216*t**2 - 439*t - 1. Calculate y(2).
-15
Let u(v)